 - 740. What is the tens digit of i(27)?
9
Let o(c) = 4*c**2 + 5*c - 1. Let g be o(-4). Let b = 64 - g. Suppose -b*y + 24*y = 204. What is the units digit of y?
8
What is the thousands digit of (88/(-32) - 10/8)/((-34)/78982)?
9
Let g(t) be the third derivative of -4*t**2 + 0 + 13/12*t**4 + 1/6*t**3 + 0*t. What is the tens digit of g(3)?
7
Let p be (3 + 0)*4/(5 - 1). Let j be p/12 + (-42)/(-24). Suppose -j*h + 27 = -11. What is the units digit of h?
9
Suppose -2*r + 3*a + 5160 = 0, -42*r + 40*r = 8*a - 5116. What is the units digit of r?
4
Suppose u - 1 = b - 0, 3*u - 2*b = 0. Let a be 5/(-10) - 1273/u. Suppose -z - 5*c = -0*c - 129, a = 4*z - 4*c. What is the units digit of z?
4
Let o(x) = -x**3 + 4 - 6*x**2 - 5*x + 2*x + 0*x**3 - 25. What is the tens digit of o(-8)?
3
Suppose -5*o - 3*k = -1782, -o + k + 306 = -52. Suppose -5*z = -2*z - o. Suppose 27 = 2*b - z. What is the tens digit of b?
7
Let y be -27 + (24/7 - (-3)/(-7)). What is the tens digit of (-5)/((-40)/(-5118))*32/y?
5
Suppose a - 28968 = -6*s, 3*s + 634 - 613 = 0. What is the units digit of a?
0
Suppose -24*j - 1573 = -37*j. Let a = 8 - 2. Suppose -a*i + i = -d - 647, i + 4*d = j. What is the units digit of i?
9
Let b be (-2 + (2 - -23))*49. Let m = -744 + b. What is the tens digit of m?
8
Let s = 7193 + -2912. What is the units digit of s?
1
Let a(p) = -20*p - 44. Let m be a(-7). Suppose -q - m = -5*w, -q + 339 = -4*q - 2*w. Let o = 67 - q. What is the tens digit of o?
7
Let g be (-15192)/(-76) - (-2)/19. Let x(c) = c**3 + c**2 - c + 367. Let a be x(0). Let s = a - g. What is the hundreds digit of s?
1
What is the hundreds digit of (-14)/84*-12 - -400?
4
Suppose 163 = -4*i + 555. Suppose 0 = u - 19 - i. What is the hundreds digit of u?
1
Let f be 6 + -4 - (0 - 0). Suppose -f*o - 10 = 3*o. Let b = 35 + o. What is the tens digit of b?
3
Let d = -23 - -19. Let b be (-3)/12*(4 + d). Suppose -x + 0*x - 3*p = -71, b = -5*x + 4*p + 336. What is the units digit of x?
8
Let c(r) = 16*r + 1443. What is the units digit of c(-39)?
9
Suppose 2*b - 6*b = 24. Let d = b - -8. Suppose 2*h - 548 = -d*h. What is the hundreds digit of h?
1
Let m(q) = -20*q - 115. Let v be m(-6). Suppose -10*t - v*d = -14*t + 309, 237 = 3*t - 2*d. What is the units digit of t?
1
Suppose -3*z - 4*w + 40 = 0, -3*w - 58 = -5*z - 1. Suppose -z*j - 11*j + 1610 = 0. What is the units digit of j?
0
Let a(q) = -q**2 + 11*q - 3. Let j be a(9). Let c be (18/j)/((-2)/20). What is the units digit of (-6)/c - (-147)/6?
5
Let b = 373 + -125. Let m = -144 + b. Suppose -v = 4*v + i - m, i + 76 = 4*v. What is the units digit of v?
0
Let u = 3041 + -1957. What is the thousands digit of u?
1
Let a(q) = -235*q**3 - 5*q**2 + 24*q + 82. What is the units digit of a(-3)?
0
Let c(m) = m**3 - 17*m**2 - 18*m + 7. Let s be c(18). Let q(k) = 66*k - 41. What is the tens digit of q(s)?
2
Let j(u) = -5741 - 5*u + 11495 - 5744. Suppose -4*z = -2*z + 8. What is the units digit of j(z)?
0
Let x(k) = -139*k**3 + 13*k**2 + 35*k + 92. What is the hundreds digit of x(-7)?
1
Let t = 20283 + -12865. What is the tens digit of t?
1
Let h = 13066 - 8775. What is the tens digit of h?
9
Suppose 20*t + 2 = 21*t. Suppose -172 - 558 = -5*w. Suppose -w - 190 = -t*k. What is the units digit of k?
8
Let f be (8/(-18))/((-14)/63). Let t be ((-2)/8)/(-4*(-5)/(-400)). Suppose 3*r = 3, -h - t*r - 15 = -f*h. What is the units digit of h?
0
Let i = 56 - -92. Suppose 5*o = 3*q + i, -203 = -5*o - 2*q - 60. Let c = 216 - o. What is the units digit of c?
7
Suppose -t + 5*w - 219 = -83, 3*w - 258 = 2*t. Suppose -2*o = -o - 227. Let n = t + o. What is the hundreds digit of n?
1
Suppose 5 = -3*y - 0*r + 5*r, 0 = -3*y + 3*r + 3. Suppose -1915 = -y*t + 3*d, -52*t + 51*t + 2*d = -390. What is the hundreds digit of t?
3
Let d = -32 - -32. Let a = 2 + d. Suppose 5*c + 7*g - a*g - 15 = 0, -5*g + 11 = c. What is the units digit of c?
1
Let s be ((-3824)/(-6))/((-101)/(-303)). Suppose -6*n + 4*n + s = 5*l, -2*n + 1900 = 2*l. What is the tens digit of n?
4
Let h be 0 - ((-33)/(-77) - 328/14). Suppose -h + 3 = -5*o. Suppose -5*i = 9*x - o*x - 410, x - 67 = 4*i. What is the tens digit of x?
7
Suppose q + 3*b + 1 + 0 = 0, 3*q = b - 13. Let g be (-156)/(-36) + q/3. Suppose g*u - 264 = u - 4*l, 3*u + 2*l = 400. What is the tens digit of u?
3
Suppose 0 = 4*h + 3*o - 1079, 4*h + 2*o = 7*o + 1103. Let f = h + -151. What is the tens digit of f?
2
Suppose 26 + 7 = -2*n - 3*p, -3*n - 5*p = 51. Let w be 4/(-16) - 15483/n. What is the tens digit of ((-4)/(-6))/(10/w)?
8
Let b(r) = r - 4. Let n be b(0). Let d(g) = 25*g - 10. Let i(c) = -13*c + 5. Let s(y) = 4*d(y) + 9*i(y). What is the units digit of s(n)?
3
Let v = 8091 + -3591. What is the hundreds digit of v?
5
Suppose 7*g - 12 = 3*g. Suppose -g*m = m + 144. What is the tens digit of (m/(-10))/(18/405)?
8
Let l(b) = 9*b**3 - 25*b**2 - 30*b - 24. Let o be l(13). Suppose -27*r = -4*r - o. What is the tens digit of r?
5
Suppose 0 = -5*t - 2*s + 18481, 0 = -4*t - 5*s + 2*s + 14782. Suppose 4*h = 5*a - 1074 - t, -5*a = -2*h - 4763. What is the units digit of a?
1
Suppose -85590 = -5609*a + 5600*a. What is the hundreds digit of a?
5
Let n(r) = -r**2 + 21*r + 37. Let t(g) be the third derivative of g**6/40 - g**5/60 - g**3/2 - 10*g**2. Let z be t(2). What is the units digit of n(z)?
5
Let w = 38 - 48. Let t(l) = 2*l**2 + 12*l + 34. Let d be t(w). Suppose 0 = -n + 20 + d. What is the hundreds digit of n?
1
Let d(h) = -8*h**3 - 41*h**2 - 566*h - 48. What is the tens digit of d(-18)?
1
Let v(g) = -1827*g - 6553. What is the units digit of v(-12)?
1
Let g be ((-3)/5)/((-2)/(270/9)). Suppose 0 = -g*v - 142 + 1924. What is the tens digit of v?
9
Let u(y) = 364*y - 811. What is the thousands digit of u(23)?
7
Let y(h) be the third derivative of -185*h**4/24 + 20*h**3/3 + h**2 - 19*h. What is the hundreds digit of y(-7)?
3
Suppose -77*i = 5*h - 80*i - 15732, 0 = 2*h + 2*i - 6296. What is the hundreds digit of h?
1
Let x = 11289 - 5980. What is the hundreds digit of x?
3
Suppose -2*r + 3*q - 80 = -0*q, 6 = 3*q. Let g be 20/(-5) + -2 + -1. What is the units digit of r*1*(-10 - g)?
1
Suppose 7*t + n - 105552 + 26495 = 0, 4*t - 5*n = 45142. What is the thousands digit of t?
1
Let q = 638 - 266. What is the units digit of q?
2
Let t(m) = -8*m**2 + m + 6. Let k be t(-7). Let u = k + 1038. What is the tens digit of u?
4
Suppose -2*h - 1530 = 5*x - 7*h, 4*x + 4*h + 1184 = 0. Let f = 58 - 267. Let k = f - x. What is the tens digit of k?
9
Suppose 4*k + 37*w - 17388 = 32*w, -2*k + 5*w = -8664. What is the thousands digit of k?
4
Suppose -14*k + 22316 = k - 47959. What is the thousands digit of k?
4
Let d = -1293 + 6211. What is the thousands digit of d?
4
What is the units digit of 28777 - -2*21/(-3)?
3
Suppose 0 = 2*s + 3*y - 3473, 8692 = -12*s + 17*s - 2*y. Suppose 64*f = 6134 + s. What is the tens digit of f?
2
Let b(v) = 24*v**2 - 129*v + 3375. What is the hundreds digit of b(33)?
2
Let h(o) = o**2 - 16*o + 3. Let d be h(16). Let j(l) = l**3 - l**2 - 4*l. Let q be j(d). Suppose q*z - 152 = 4*z. What is the units digit of z?
6
Suppose 104539 = 53*d + 48790 - 149838. What is the tens digit of d?
7
Let f be (6/((-12)/(-110)))/1. Suppose -88 = -51*x + f*x. Let r = 17 - x. What is the units digit of r?
9
Suppose 0 = -476*r - 325*r + 276*r + 11372025. What is the ten thousands digit of r?
2
Let o(u) = -3*u**2 - 83*u + 454. Let j(l) = l**2 + 41*l - 228. Let n(r) = 5*j(r) + 2*o(r). What is the hundreds digit of n(22)?
1
Suppose -2462996 = -62*h - 102*h + 1015116. What is the units digit of h?
8
Let a(u) = 338*u + 52. Let f be a(7). Let t = f + -1448. What is the tens digit of t?
7
Let m(x) = x**2 - 9*x - 8. Suppose 2*n = -5 - 7. Let c be (-75)/(-18)*3 - (-3)/n. What is the units digit of m(c)?
8
Let g be (-2)/(-5)*(33 - 3) - -4. Suppose 19*s - g*s = -12. What is the tens digit of s - 0 - (7 + -105 + 7)?
8
Let t(c) = 137*c - 3163. What is the tens digit of t(47)?
7
Let w = -29 - -33. Let l be (-147)/6*(-2 + w). Let g = l + 193. What is the tens digit of g?
4
Let r = 11184 - -96. What is the hundreds digit of r?
2
Suppose 0 = -17*m + 285209 + 13821. What is the tens digit of m?
9
Let f = 0 + -27. Let s(q) be the second derivative of -7*q**3/6 - 23*q**2/2 + 115*q - 2. What i